) + 8))?
15
-27 + 40 - (-1 - 3)
17
What is the value of 0 - 5 - (-9 - 0) - (-1 + 0)?
5
Evaluate -21 + 20 - -8 - (-1 + 5).
3
What is the value of -1 + (11 - 2) + -25?
-17
What is the value of 12 + -2 + 13 + (8 - (-8 + 22))?
17
Evaluate 8 + -41 + -2 + 11.
-24
What is -32 - (-4 + -26 + 7)?
-9
Evaluate -3 - 0 - (11 + (6 - 32)).
12
-7 - (0 + (18 - 10))
-15
What is 0 + 0 - (-1 + -33) - (5820 + -5814)?
28
What is the value of 1 - -1 - (394 - 413)?
21
Evaluate -6 + 25 + (13 - 7) - 7.
18
(1 - 1) + (-10 - (-15 + (0 - -42)))
-37
What is 5 + -4 + (-9 - -1) + -20?
-27
What is the value of (127 - 125) + (2 - (-1 - -5))?
0
4 + 11 + -8 + -1 + -23
-17
Calculate 10 + (-10 - (-11 - -5)).
6
What is 40 + (2 - 14) - 14?
14
Calculate -9 - (-5 + -11 - -12 - (-4 + 1)).
-8
Calculate 2 + 1 + 186 + -177.
12
What is the value of -8 - (2 - 4) - (378 - 380)?
-4
What is (15 - (3 - -7)) + 2?
7
11 + (-1 - 0) + (-63 - -58)
5
Calculate 10 + -1 + (-7 + 24 - 17).
9
Calculate 30 + (-24 - 6 - -16) - (11 - 2).
7
15 + -12 + (0 + 0 - -5) + -5
3
Evaluate (105 - 113) + 23 + 0.
15
15 + (-22 - (-2 + -2)) - 21
-24
(-28 + -1 + 16 - -22) + -25
-16
Calculate -5 + 45 + 12 + -34.
18
What is the value of (1162 - 1169) + -21 + -1?
-29
Calculate -4 + (3 + -2 - 5) + 2 - 3.
-9
Calculate -1 + 6 - (32 - (14 + 10)).
-3
Calculate -824 + 796 - (0 + -42).
14
What is -5 - (-28 + -12 + (8 - -1))?
26
Evaluate -13 + 7 + (9 - 9) + 0.
-6
-30 + (-46 - -76) + (16 - 2)
14
What is -2 + -33 - (46 - (89 + -40))?
-32
Calculate 399 + -384 - (-2 + 1).
16
What is the value of 1 - ((4 - -6) + -8 + (4 - 1))?
-4
What is the value of -6 + (-7 - -5 - (1 - 10))?
1
Evaluate (16 + 0 - 4) + (-9 - (4 - 10)).
9
What is the value of -73 - -82 - (38 + -16)?
-13
Evaluate 9 - ((-16 - (-49 - -1)) + 10).
-33
-24 + 23 + 2 + 4
5
What is the value of (22 - (39 + (-11 - 12))) + (-1 - 23)?
-18
(10 + -26 - -9) + 22 + -10 - 31
-26
What is the value of 4 + -6 - -1 - (51 + -55)?
3
What is the value of -11 + (18 - (-2 - (0 + -11)))?
-2
Evaluate -2 - -26 - -24 - 26.
22
Evaluate 6 + 20 + 15 + -23.
18
13 + (-2 + 10 - 18) + (-2 - -12)
13
What is 6 - 1 - (-29 - -36)?
-2
Calculate 6 + 6 + (0 - 0) + -28 + 21.
5
What is -10 + (6 - (-33 + 23))?
6
Evaluate -28 - ((10 + -5 - 14) + -2).
-17
(-2 + -3 + -9 - -5) + -2
-11
What is (-33 - (-31 + 9)) + -6?
-17
Calculate (-7 - (7 + -9 + -10)) + -8.
-3
Calculate 7 + 7 + -4 - (-2 + 2).
10
What is the value of 13 - ((16 - 4) + 1 + -3)?
3
Evaluate -3 - (-14 + 21) - -17.
7
-2 + -7 + (2 - (-1 - 3))
-3
What is the value of (33 - (3 - -12)) + 9 + -2?
25
(20 - 24) + 25 + -13
8
Calculate 14 + -5 + 12 + -10 - 12.
-1
What is the value of 11 - -7 - (2 + -5 + 7)?
14
Calculate (1 - 6) + -1853 + 1858.
0
What is the value of (-20 - -16 - (2 - -6)) + 2?
-10
What is the value of 12 - (-3 - (-16 - -13))?
12
Evaluate (1 - 2 - -2) + (-51 - -47).
-3
What is 7 + (-7 - (-6 + 4)) + 6?
8
What is (-1 - 0) + 35 + -44 + 19?
9
What is the value of (-175 - -172) + (53 - 4) - (13 - 1)?
34
Evaluate -2 + -8 + (-10 + 6 + 9 - 1).
-6
What is the value of (-6 - ((-10 - -1) + 1)) + -5 + -1?
-4
What is -13 + (2 + 2 - (-11 - (-3 + -4)))?
-5
What is 3 - (32 + -4 - 20)?
-5
Calculate (0 + -1 - -7 - -8) + -6 + -3.
5
14 - (-6 - (8 - 18)) - 6
4
Calculate (-4 - -2) + (-4 - 2) + (51 - 67).
-24
Evaluate 5 - (-6 - -6 - 5 - -6 - 4).
8
-17 + (1 - ((4 - (1 + 2)) + -1))
-16
Evaluate -23 + -1 + -16 + 14 - -13.
-13
Calculate -12 + -2 + 10 + (-8 + 12 - 26).
-26
What is the value of -15 - -4 - (2 + (-14 - (-18 + 8)))?
-9
Evaluate (0 + -1 - -2) + 126 + -121.
6
Calculate 10 - -1 - (11 + -12).
12
What is 27 + 10 + (-38 - 34)?
-35
Calculate -12 - (8 - (-16 + 7 + 1)).
-28
What is (2 - (-13 - (-12 - 18))) + -1 + -1?
-17
(-24 + 4 - -19) + -19
-20
Evaluate (-15 + (-16 - -37) - -33) + -15.
24
What is the value of (7 + -2 - (-3 - -2)) + -3?
3
Evaluate -6 + 11 + -11 - 7.
-13
Evaluate -3 + 1 + 1 - (-21 - (-12 - 0)).
8
What is the value of (19 - 42) + 15 - 6?
-14
What is -11 + (36 - 51 - -1)?
-25
(18 + -2 - 20) + (0 - -2) + 7
5
What is the value of -1 + -18 + -3 + 13?
-9
What is the value of -25 + (-25 - (-54 - -1))?
3
Evaluate 6 + (3 - -1) - (1 - 7).
16
10 + (4 - (13 + 4 + -5))
2
Calculate (-1 - (-2 - (-1 - 2))) + (246 - 240).
4
Evaluate -38 + (15 - 4) + 11.
-16
What is the value of (-16 + 2 - -5) + 0?
-9
Calculate -8 + (36 + 20 - 29).
19
What is 0 + -5 + 25 + (-10 - 25)?
-15
What is the value of 0 + 0 + -1 - (-208 + 204)?
3
What is the value of -17 - (17 - 39) - -2?
7
Evaluate 27 + -43 + 19 - -19.
22
What is the value of 4 + (-4 - -1) + -7 - (10 + -37)?
21
-4 + 3 + 1 + 1 + -4 + -4
-7
What is the value of 21 + -29 - (-17 + 0 + -2)?
11
Calculate 8 - 2 - 17 - -10.
-1
Calculate (17 + -19 - -18) + -4.
12
What is the value of 8 - (2 - 2 - (9 + -13)) - -5?
9
Calculate 11 + 25 + -51 + -9.
-24
Evaluate (-151 - -120) + (-1 - -66).
34
8 - (-5 - -6) - 3 - 11
-7
Evaluate (1 - 9) + (30 - (-11 - -31)).
2
What is -3 - (4 - 2) - (-6 + (12 - 23))?
12
What is the value of 4 + 2 + (-3 - -21 - 12)?
12
What is the value of (-44 - (-50 + 22)) + -10?
-26
Calculate -5 + 3 + -2 - -4 - (12 - 20).
8
What is (-20 - (9 + (7 + -15 - -6))) + 6?
-21
104 + -99 + 1 + -4
2
-5 + (-4 - -9) + 6 - (-1 - -18)
-11
What is the value of -3 + 0 - (4 + 0 + 25 + -26)?
-6
What is the value of 9 - (22 - 18 - -1)?
4
What is 28 + -20 + -29 + -9?
-30
Evaluate -22 - (1 + (-12 - (4 - 6))).
-13
What is the value of 10 + (5 - 7 - -5 - (2 - 8))?
19
9 + (-22 - -14) - -10
11
Calculate (40 - 47) + 14 + -3 - -12.
16
14 - (28 + -12 + 3)
-5
What is the value of 0 + -3 - (3 + 3) - -14?
5
(2 - -4) + (-1 - -2)
7
-6 - 0 - (9 - (-4 - -15 - 10))
-14
2 + 15 - 24 - (-12 + -2)
7
What is -17 + (15 - -18) + -34?
-18
(-127 + 132 - (0 - -1)) + -18
-14
Calculate 4 + (1 - (17 - 8 - 10)).
6
Calculate -4 + -5 + 3 + (5 - 6) + 6.
-1
Calculate (13 - -3) + -6 + (-4 - (-3 - -1)).
8
Evaluate 0 + -2 + (49 - (-2 - 4 - -22)).
31
Calculate (12 - 0) + 15 + -23.
4
What is 28 - 36 - (-12 + 0)?
4
104 - 88 - (8 - 8)
16
What is the value of -6 - (-15 + 16) - 1?
-8
What is 7 - ((-2 - (10 + -12)) + 1 + 13)?
-7
What is the value of -31 + (-10 - -7 - (3 - 7))?
-30
Calculate (1 + -2 - -7) + -5 + (9 - 32).
-22
Evaluate -5 - (19 - 23 - 31).
30
(0 + -2 - 17) + 16 + -14
-17
Evaluate -17 - (1 - -19) - -21.
-16
(-2 + -5 - 1) + (5 - (-20 - -39))
-22
What is -7 + (10 + -5 - -3 - 10)?
-9
Evaluate 16 + 3 - 0 - (9 + -8 - 4).
22
What is the value of -29 + 9 + 12 + 1?
-7
What is the value of (8 + -34 + 11 - (-4 + -7)) + 19?
15
(-20 - (4 + -11 + 6)) + 10
-9
What is the value of -84 + 76 + 40 + 4 + -3 + -7?
26
What is the value of -2 + 1 + (12 - 20) - -19?
10
What is -3 - -2 - ((-33 - -63) + -36)?
5
What is the value of 8 + 2 - 1 - (1348 + -1336)?
-3
What is the value of -13 - (-14 - (33 + -18))?
16
38 + (-43 - -7) - -27
29
What is -5 - (5 + 4) - -3 - -5?
-6
(-91 + 91 - -23) + (-1 + 0 - -11)
33
Evaluate -5 - (-22 - (-2 + 1)).
16
What is (120 - 66) + -24 + -4?
26
What is the value of -4 + (0 - -1) + -267 + 275?
5
-41 + 18 + -19 - -36
-6
What is -10 - -19 - (5 + (27 - -1))?
-24
Calculate (-16 - -35) + -19 + -1 + 20.
19
What is the value of 3 - (29 - 38) - 5?
7
What is (23 - (-6 + 9 - -8)) + -13?
-1
What is the value of -2 + 7 + 7 + -4 + 6?
14
Evaluate -16 + 9 + (14 - 12) + 2.
-3
What is 13 - (-18 + -5 - -17 - (-2 + 0))?
17
What is -38 - (11 + (-22 - 9))?
-18
What is 11 - (-6 + -8) - 18?
7
(9 - (7 - (1 - -7))) + -4
6
Evaluate -45 + 5 + -8 + 22.
-26
Evaluate (3 - (-3 - -27)) + 20 + -71 + 50.
-22
What is (56 - 27) + -34 + (3 - (2 + -1))?
-3
Calculate -4 + 16 + -3 + 5.
14
Calculate -26 + (32 - 0) + -23.
-17
What is the value of 0 + 11 - (150 - 115)?
-24
What is the value of -8 - (-3 + 7 + 2 + 6 + -1)?
-19
-17 + 27 + 1 + -11 + -16
-16
Calculate 5 + (-17 - (8 - (7 - -10))).
-3
What is the value of (0 - 1 - -1) + (-12 - (15 + -38))?
11
Evaluate 254 + -245 - (14 + 1) - -5.
-1
What is -172 + 179 + (-11 - 0) + (1 - -11)?
8
Calculate -18 - (-4 + (-5 - (-9 + 2))).
-16
Calculate 0 + 10 - (-348 + 355) - (0 - -16).
-13
What is (18 - (11 + -1)) + (-10 - -2)?
0
17 + -18 + 21 + (-1 + -6 - -1)
14
Evaluate -2 - (3 + 6) - -17.
6
What is 3 + (5 - (-4 - -7) - (1 - -5))?
-1
Calculate 18 + -20 + (-5 - 1) + -7 + 5.
-10
What is -1 + -5 - (-8 + 11 - 8)?
-1
4 + (-11 - -11) + -7 + (3 - 4)
-4
Calculate 8 + 18 + (-32 - -33).
27
